hat is the hundreds digit of 5837?
8
What is the units digit of 4346?
6
What is the hundreds digit of 14678?
6
What is the hundreds digit of 48878?
8
What is the units digit of 93?
3
What is the thousands digit of 9955?
9
What is the ten thousands digit of 14475?
1
What is the hundreds digit of 1169?
1
What is the hundreds digit of 526?
5
What is the units digit of 19072?
2
What is the tens digit of 78064?
6
What is the units digit of 87965?
5
What is the units digit of 2055?
5
What is the tens digit of 604?
0
What is the hundreds digit of 1590?
5
What is the thousands digit of 8700?
8
What is the units digit of 30451?
1
What is the hundreds digit of 168099?
0
What is the tens digit of 611?
1
What is the tens digit of 32311?
1
What is the units digit of 1486?
6
What is the thousands digit of 1931?
1
What is the tens digit of 4107?
0
What is the hundreds digit of 10720?
7
What is the hundreds digit of 4972?
9
What is the units digit of 2500?
0
What is the tens digit of 1561?
6
What is the hundreds digit of 712?
7
What is the tens digit of 2248?
4
What is the units digit of 2580?
0
What is the thousands digit of 1136?
1
What is the units digit of 23440?
0
What is the units digit of 3431?
1
What is the tens digit of 1788?
8
What is the thousands digit of 62276?
2
What is the tens digit of 136849?
4
What is the hundreds digit of 56586?
5
What is the units digit of 88892?
2
What is the tens digit of 5126?
2
What is the tens digit of 35254?
5
What is the hundreds digit of 919?
9
What is the thousands digit of 18946?
8
What is the thousands digit of 16888?
6
What is the ten thousands digit of 57338?
5
What is the hundreds digit of 936?
9
What is the hundreds digit of 1542?
5
What is the units digit of 3162?
2
What is the thousands digit of 2289?
2
What is the units digit of 8672?
2
What is the tens digit of 4093?
9
What is the ten thousands digit of 31405?
3
What is the hundreds digit of 1398?
3
What is the units digit of 481?
1
What is the hundreds digit of 2714?
7
What is the units digit of 784?
4
What is the tens digit of 7945?
4
What is the units digit of 15220?
0
What is the units digit of 64368?
8
What is the units digit of 59702?
2
What is the units digit of 1516?
6
What is the ten thousands digit of 67751?
6
What is the hundreds digit of 665?
6
What is the hundreds digit of 5544?
5
What is the hundreds digit of 10009?
0
What is the units digit of 27329?
9
What is the tens digit of 17808?
0
What is the hundreds digit of 1423?
4
What is the hundreds digit of 6869?
8
What is the units digit of 2099?
9
What is the units digit of 2626?
6
What is the tens digit of 4599?
9
What is the hundreds digit of 16514?
5
What is the tens digit of 12862?
6
What is the units digit of 106?
6
What is the units digit of 62582?
2
What is the thousands digit of 6466?
6
What is the ten thousands digit of 38064?
3
What is the ten thousands digit of 30766?
3
What is the hundreds digit of 47313?
3
What is the thousands digit of 24912?
4
What is the tens digit of 285?
8
What is the units digit of 1821?
1
What is the hundreds digit of 970?
9
What is the thousands digit of 12076?
2
What is the tens digit of 30887?
8
What is the thousands digit of 43909?
3
What is the tens digit of 13001?
0
What is the hundreds digit of 917?
9
What is the ten thousands digit of 18879?
1
What is the hundreds digit of 106262?
2
What is the hundreds digit of 29665?
6
What is the thousands digit of 2480?
2
What is the hundreds digit of 660?
6
What is the hundreds digit of 40278?
2
What is the thousands digit of 4349?
4
What is the units digit of 498?
8
What is the tens digit of 15960?
6
What is the tens digit of 196?
9
What is the thousands digit of 3303?
3
What is the ten thousands digit of 139146?
3
What is the thousands digit of 10991?
0
What is the units digit of 2562?
2
What is the thousands digit of 19363?
9
What is the hundreds digit of 15574?
5
What is the thousands digit of 111101?
1
What is the units digit of 13284?
4
What is the hundreds digit of 10493?
4
What is the hundreds digit of 2708?
7
What is the ten thousands digit of 24019?
2
What is the thousands digit of 21528?
1
What is the hundreds digit of 797?
7
What is the hundreds digit of 1580?
5
What is the units digit of 46255?
5
What is the hundreds digit of 799?
7
What is the hundreds digit of 5818?
8
What is the hundreds digit of 39645?
6
What is the units digit of 9939?
9
What is the hundreds digit of 656?
6
What is the ten thousands digit of 26969?
2
What is the tens digit of 1981?
8
What is the ten thousands digit of 44923?
4
What is the thousands digit of 3510?
3
What is the tens digit of 2517?
1
What is the units digit of 7685?
5
What is the hundreds digit of 12417?
4
What is the hundreds digit of 2619?
6
What is the thousands digit of 2671?
2
What is the tens digit of 1435?
3
What is the units digit of 220?
0
What is the units digit of 22872?
2
What is the units digit of 38508?
8
What is the hundreds digit of 854?
8
What is the tens digit of 2159?
5
What is the hundreds digit of 655?
6
What is the tens digit of 2775?
7
What is the units digit of 37375?
5
What is the hundreds digit of 3406?
4
What is the hundreds digit of 72328?
3
What is the hundreds digit of 64580?
5
What is the units digit of 614?
4
What is the units digit of 1545?
5
What is the ten thousands digit of 61125?
6
What is the thousands digit of 29082?
9
What is the ten thousands digit of 31562?
3
What is the thousands digit of 1145?
1
What is the tens digit of 14903?
0
What is the hundreds digit of 2247?
2
What is the tens digit of 1157?
5
What is the thousands digit of 27597?
7
What is the units digit of 624?
4
What is the hundreds digit of 15598?
5
What is the tens digit of 29092?
9
What is the tens digit of 9526?
2
What is the hundreds digit of 27676?
6
What is the tens digit of 416?
1
What is the units digit of 48165?
5
What is the tens digit of 6123?
2
What is the tens digit of 49118?
1
What is the ten thousands digit of 14125?
1
What is the hundreds digit of 32881?
8
What is the units digit of 35?
5
What is the hundreds digit of 100?
1
What is the tens digit of 856?
5
What is the ten thousands digit of 134617?
3
What is the tens digit of 749?
4
What is the hundreds digit of 114753?
7
What is the tens digit of 5064?
6
What is the hundreds digit of 9733?
7
What is the hundreds digit of 1341?
3
What is the hundreds digit of 1958?
9
What is the thousands digit of 23620?
3
What is the tens digit of 7121?
2
What is the tens digit of 16?
1
What is the tens digit of 2237?
3
What is the hundreds digit of 2476?
4
What is the hundreds digit of 22837?
8
What is the units digit of 34623?
3
What is the ten thousands digit of 62555?
6
What is the units digit of 6210?
0
What is the units digit of 49357?
7
What is the tens digit of 2460?
6
What is the tens digit of 899?
9
What is the tens digit of 7501?
0
What is the tens digit of 1160?
6
What is the tens digit of 3378?
7
What is the hundreds digit of 64863?
8
What is the tens digit of 1206?
0
What is the thousands digit of 7231?
7
What is the units digit of 31302?
2
What is the hundreds digit of 696?
6
What is the hundreds digit of 1919?
9
What is the thousands digit of 12973?
2
What is the hundreds digit of 109?
1
What is the thousands digit of 1189?
1
What is the ten thousands digit of 31826?
3
What is the hundreds digit of 31379?
3
What is the tens digit of 26568?
6
What is the units digit of 25?
5
What is the thousands digit of 55646?
5
What is the ten thousands digit of 19623?
1
What is the units digit of 113920?
0
What is the hundreds digit of 57402?
4
What is the thousands digit of 7894?
7
What is the hundreds digit of 1637?
6
What is the units digit of 151?
1
What is the tens digit of 13732?
3
What is the thousands digit of 8692?
8
What is the ten thousands digit of 110153?
1
What is the tens digit of 91626?
2
What is the thousands digit of 17312?
7
What is the tens digit of 17649?
4
What is the tens digit of 548?
4
What is the hundreds digit of 32946?
9
What is the tens digit of 8886?
8
What is the units digit of 54318?
8
What is the tens digit of 12084?
8
What is the ten thousands digit of 24610?
2
What is the tens digit of 565?
6
What is the hundreds digit of 15219?
2
What is the thousands digit of 1